{"id":305,"date":"2020-12-01T23:33:35","date_gmt":"2020-12-01T22:33:35","guid":{"rendered":"https:\/\/osrodekpolanica.pl\/?page_id=305"},"modified":"2021-10-19T17:27:21","modified_gmt":"2021-10-19T15:27:21","slug":"dobroczyncy-i-przyjaciele","status":"publish","type":"page","link":"https:\/\/osrodekpolanica.pl\/?page_id=305","title":{"rendered":"Dobroczy\u0144cy i Przyjaciele"},"content":{"rendered":"\n<p>Dzi\u0119kujemy wszystkim, kt\u00f3rzy razem z nami tworz\u0105 histori\u0119<br>Specjalnego O\u015brodka Szkolno- Wychowawczego i Fundacji Szans.<\/p>\n\n\n\n<p>Kwota og\u00f3\u0142em otrzymanych darowizn w roku 2020 to 19740 z\u0142, za kt\u00f3re serdecznie dzi\u0119kujemy Przyjacio\u0142om i Dobroczy\u0144com Fundacji! Otrzymane darowizny zosta\u0142y przeznaczone zgodnie z&nbsp; celem statutowym na pomoc spo\u0142eczn\u0105, w tym pomoc rodzinom i osobom w trudnej sytuacji \u017cyciowej oraz wyr\u00f3wnywanie szans tych rodzin i os\u00f3b oraz na dzia\u0142ania na rzecz os\u00f3b niepe\u0142nosprawnych. DZI\u0118KUJEMY!<\/p>\n\n\n\n<p>Urz\u0105d Miasta Polanica Zdr\u00f3j&nbsp; <a rel=\"noreferrer noopener\" href=\"http:\/\/polanica.pl\/\" target=\"_blank\">http:\/\/polanica.pl\/<\/a><\/p>\n\n\n\n<p>O\u015brodek Pomocy Spo\u0142ecznej w Polanicy Zdroju&nbsp;<a rel=\"noreferrer noopener\" href=\"http:\/\/www.polanicazdroj.naszops.pl\/\" target=\"_blank\">http:\/\/www.polanicazdroj.naszops.pl\/<\/a>Miejski<\/p>\n\n\n\n<p>Zak\u0142ad Komunalny w Polanicy-Zdroju Sp. z.o.o.&nbsp;<a rel=\"noreferrer noopener\" href=\"http:\/\/www.mzk-polanica.pl\/\" target=\"_blank\">http:\/\/www.mzk-polanica.pl\/<\/a><\/p>\n\n\n\n<p>Zesp\u00f3\u0142 Uzdrowisk K\u0142odzkich S.A.&nbsp;<a rel=\"noreferrer noopener\" href=\"https:\/\/uzdrowiska-klodzkie.pl\/\" target=\"_blank\">https:\/\/uzdrowiska-klodzkie.pl\/<\/a><\/p>\n\n\n\n<p>Lasy Pa\u0144stwowe Nadle\u015bnictwo Zdroje&nbsp;<a rel=\"noreferrer noopener\" href=\"https:\/\/zdroje.wroclaw.lasy.gov.pl\/\" target=\"_blank\">https:\/\/zdroje.wroclaw.lasy.gov.pl\/<\/a><\/p>\n\n\n\n<p>McCain Poland&nbsp;<a rel=\"noreferrer noopener\" href=\"http:\/\/www.mccain.pl\/Pages\/index.html\" target=\"_blank\">http:\/\/www.mccain.pl\/Pages\/index.html<\/a><\/p>\n\n\n\n<p>Czanieckie Makarony&nbsp;<a rel=\"noreferrer noopener\" href=\"https:\/\/czaniecki.pl\/\" target=\"_blank\">https:\/\/czaniecki.pl\/<\/a><\/p>\n\n\n\n<p>Henkel Polska&nbsp;<a rel=\"noreferrer noopener\" href=\"https:\/\/www.henkel.pl\/\" target=\"_blank\">https:\/\/www.henkel.pl\/<\/a><\/p>\n\n\n\n<p>Colgate- Palmolive&nbsp;<a rel=\"noreferrer noopener\" href=\"https:\/\/www.colgatepalmolive.pl\/contact-us\" target=\"_blank\">https:\/\/www.colgatepalmolive.pl\/contact-us<\/a>p. <\/p>\n\n\n\n<p>Wojciech Zaczyk Tor Saneczkowy&nbsp;<a rel=\"noreferrer noopener\" href=\"http:\/\/www.torpolanica.pl\/\" target=\"_blank\">http:\/\/www.torpolanica.pl\/<\/a><\/p>\n\n\n\n<p>Ogrodnictwo Szyma\u0144scy&nbsp;<a rel=\"noreferrer noopener\" href=\"https:\/\/ogrodnictwo-szymanscy.business.site\/\" target=\"_blank\">https:\/\/ogrodnictwo-szymanscy.business.site\/<\/a><\/p>\n\n\n\n<p>Bluxcosmetics&nbsp;<a rel=\"noreferrer noopener\" href=\"http:\/\/blux.pl\/\" target=\"_blank\">http:\/\/blux.pl\/<\/a><\/p>\n\n\n\n<p>Nela-Style p. Katarzyna CIchy Bakalland&nbsp;<a rel=\"noreferrer noopener\" href=\"https:\/\/bakalland.pl\/\" target=\"_blank\">https:\/\/bakalland.pl\/<\/a>Eurocash&nbsp;<a rel=\"noreferrer noopener\" href=\"https:\/\/eurocash.pl\/\" target=\"_blank\">https:\/\/eurocash.pl\/<\/a><\/p>\n\n\n\n<p>Naprawa i serwis komputer\u00f3w&nbsp;<a rel=\"noreferrer noopener\" href=\"https:\/\/sprawnykomputer.pl\/\" target=\"_blank\">https:\/\/sprawnykomputer.pl\/<\/a><\/p>\n\n\n\n<p>Marcin Myszogl\u0105d http:\/\/sztukalatania.eu\/<br><strong><br><\/strong><\/p>\n\n\n\n<div class=\"wp-block-media-text alignwide is-stacked-on-mobile\"><figure class=\"wp-block-media-text__media\"><\/figure><div class=\"wp-block-media-text__content\">\n<p class=\"has-large-font-size\"><\/p>\n<\/div><\/div>\n","protected":false},"excerpt":{"rendered":"<p>Dzi\u0119kujemy wszystkim, kt\u00f3rzy razem z nami tworz\u0105 histori\u0119Specjalnego O\u015brodka Szkolno- Wychowawczego i Fundacji Szans. Kwota og\u00f3\u0142em otrzymanych darowizn w roku 2020 to 19740 z\u0142, za kt\u00f3re serdecznie dzi\u0119kujemy Przyjacio\u0142om i Dobroczy\u0144com Fundacji! Otrzymane darowizny zosta\u0142y przeznaczone zgodnie z&nbsp; celem statutowym na pomoc spo\u0142eczn\u0105, w tym pomoc rodzinom i osobom w trudnej sytuacji \u017cyciowej oraz wyr\u00f3wnywanie &hellip; <\/p>\n<p class=\"link-more\"><a href=\"https:\/\/osrodekpolanica.pl\/?page_id=305\" class=\"more-link\">Continue reading<span class=\"screen-reader-text\"> &#8220;Dobroczy\u0144cy i Przyjaciele&#8221;<\/span><\/a><\/p>\n","protected":false},"author":1,"featured_media":0,"parent":0,"menu_order":0,"comment_status":"closed","ping_status":"closed","template":"elementor_header_footer","meta":{"footnotes":""},"class_list":["post-305","page","type-page","status-publish","hentry"],"_links":{"self":[{"href":"https:\/\/osrodekpolanica.pl\/index.php?rest_route=\/wp\/v2\/pages\/305","targetHints":{"allow":["GET"]}}],"collection":[{"href":"https:\/\/osrodekpolanica.pl\/index.php?rest_route=\/wp\/v2\/pages"}],"about":[{"href":"https:\/\/osrodekpolanica.pl\/index.php?rest_route=\/wp\/v2\/types\/page"}],"author":[{"embeddable":true,"href":"https:\/\/osrodekpolanica.pl\/index.php?rest_route=\/wp\/v2\/users\/1"}],"replies":[{"embeddable":true,"href":"https:\/\/osrodekpolanica.pl\/index.php?rest_route=%2Fwp%2Fv2%2Fcomments&post=305"}],"version-history":[{"count":8,"href":"https:\/\/osrodekpolanica.pl\/index.php?rest_route=\/wp\/v2\/pages\/305\/revisions"}],"predecessor-version":[{"id":413,"href":"https:\/\/osrodekpolanica.pl\/index.php?rest_route=\/wp\/v2\/pages\/305\/revisions\/413"}],"wp:attachment":[{"href":"https:\/\/osrodekpolanica.pl\/index.php?rest_route=%2Fwp%2Fv2%2Fmedia&parent=305"}],"curies":[{"name":"wp","href":"https:\/\/api.w.org\/{rel}","templated":true}]}}

Dobroczyńcy i Przyjaciele

<p>Dziękujemy wszystkim, którzy razem z nami tworzą historię<br>Specjalnego Ośrodka Szkolno- Wychowawczego i Fundacji Szans.</p>



<p>Kwota ogółem otrzymanych darowizn w roku 2020 to 19740 zł, za które serdecznie dziękujemy Przyjaciołom i Dobroczyńcom Fundacji! Otrzymane darowizny zostały przeznaczone zgodnie z&nbsp; celem statutowym na pomoc społeczną, w tym pomoc rodzinom i osobom w trudnej sytuacji życiowej oraz wyrównywanie szans tych rodzin i osób oraz na działania na rzecz osób niepełnosprawnych. DZIĘKUJEMY!</p>



<p>Urząd Miasta Polanica Zdrój&nbsp; <a rel="noreferrer noopener" href="http://polanica.pl/" target="_blank">http://polanica.pl/</a></p>



<p>Ośrodek Pomocy Społecznej w Polanicy Zdroju&nbsp;<a rel="noreferrer noopener" href="http://www.polanicazdroj.naszops.pl/" target="_blank">http://www.polanicazdroj.naszops.pl/</a>Miejski</p>



<p>Zakład Komunalny w Polanicy-Zdroju Sp. z.o.o.&nbsp;<a rel="noreferrer noopener" href="http://www.mzk-polanica.pl/" target="_blank">http://www.mzk-polanica.pl/</a></p>



<p>Zespół Uzdrowisk Kłodzkich S.A.&nbsp;<a rel="noreferrer noopener" href="https://uzdrowiska-klodzkie.pl/" target="_blank">https://uzdrowiska-klodzkie.pl/</a></p>



<p>Lasy Państwowe Nadleśnictwo Zdroje&nbsp;<a rel="noreferrer noopener" href="https://zdroje.wroclaw.lasy.gov.pl/" target="_blank">https://zdroje.wroclaw.lasy.gov.pl/</a></p>



<p>McCain Poland&nbsp;<a rel="noreferrer noopener" href="http://www.mccain.pl/Pages/index.html" target="_blank">http://www.mccain.pl/Pages/index.html</a></p>



<p>Czanieckie Makarony&nbsp;<a rel="noreferrer noopener" href="https://czaniecki.pl/" target="_blank">https://czaniecki.pl/</a></p>



<p>Henkel Polska&nbsp;<a rel="noreferrer noopener" href="https://www.henkel.pl/" target="_blank">https://www.henkel.pl/</a></p>



<p>Colgate- Palmolive&nbsp;<a rel="noreferrer noopener" href="https://www.colgatepalmolive.pl/contact-us" target="_blank">https://www.colgatepalmolive.pl/contact-us</a>p. </p>



<p>Wojciech Zaczyk Tor Saneczkowy&nbsp;<a rel="noreferrer noopener" href="http://www.torpolanica.pl/" target="_blank">http://www.torpolanica.pl/</a></p>



<p>Ogrodnictwo Szymańscy&nbsp;<a rel="noreferrer noopener" href="https://ogrodnictwo-szymanscy.business.site/" target="_blank">https://ogrodnictwo-szymanscy.business.site/</a></p>



<p>Bluxcosmetics&nbsp;<a rel="noreferrer noopener" href="http://blux.pl/" target="_blank">http://blux.pl/</a></p>



<p>Nela-Style p. Katarzyna CIchy Bakalland&nbsp;<a rel="noreferrer noopener" href="https://bakalland.pl/" target="_blank">https://bakalland.pl/</a>Eurocash&nbsp;<a rel="noreferrer noopener" href="https://eurocash.pl/" target="_blank">https://eurocash.pl/</a></p>



<p>Naprawa i serwis komputerów&nbsp;<a rel="noreferrer noopener" href="https://sprawnykomputer.pl/" target="_blank">https://sprawnykomputer.pl/</a></p>



<p>Marcin Myszogląd http://sztukalatania.eu/<br><strong><br></strong></p>



<div class="wp-block-media-text alignwide is-stacked-on-mobile"><figure class="wp-block-media-text__media"></figure><div class="wp-block-media-text__content">
<p class="has-large-font-size"></p>
</div></div>

<p>Dziękujemy wszystkim, którzy razem z nami tworzą historięSpecjalnego Ośrodka Szkolno- Wychowawczego i Fundacji Szans. Kwota ogółem otrzymanych darowizn w roku 2020 to 19740 zł, za które serdecznie dziękujemy Przyjaciołom i Dobroczyńcom Fundacji! Otrzymane darowizny zostały przeznaczone zgodnie z&nbsp; celem statutowym na pomoc społeczną, w tym pomoc rodzinom i osobom w trudnej sytuacji życiowej oraz wyrównywanie &hellip; </p>
<p class="link-more"><a href="https://osrodekpolanica.pl/?page_id=305" class="more-link">Continue reading<span class="screen-reader-text"> &#8220;Dobroczyńcy i Przyjaciele&#8221;</span></a></p>
